{"id":62,"date":"2026-03-05T16:32:10","date_gmt":"2026-03-05T13:32:10","guid":{"rendered":"https:\/\/ozarslan.losmedya.com.tr\/index.php\/urun\/8li-aycicegi-buketi-yalova-ayni-gun\/"},"modified":"2026-03-05T22:09:52","modified_gmt":"2026-03-05T19:09:52","slug":"8li-aycicegi-buketi-yalova-ayni-gun","status":"publish","type":"product","link":"https:\/\/sadecicek.com.tr\/index.php\/urun\/8li-aycicegi-buketi-yalova-ayni-gun\/","title":{"rendered":"8&#8217;li Ay\u00e7i\u00e7e\u011fi Buketi | Yalova Ayn\u0131 G\u00fcn"},"content":{"rendered":"<p>8&#8217;li Ay\u00e7i\u00e7e\u011fi Buketi<\/p>\n","protected":false},"excerpt":{"rendered":"<p>8&#8217;li Ay\u00e7i\u00e7e\u011fi Buketi<\/p>\n","protected":false},"featured_media":103,"comment_status":"open","ping_status":"closed","template":"","meta":[],"product_brand":[],"product_cat":[15],"product_tag":[],"class_list":{"0":"post-62","1":"product","2":"type-product","3":"status-publish","4":"has-post-thumbnail","6":"product_cat-genel","8":"first","9":"instock","10":"shipping-taxable","11":"purchasable","12":"product-type-simple"},"_links":{"self":[{"href":"https:\/\/sadecicek.com.tr\/index.php\/wp-json\/wp\/v2\/product\/62","targetHints":{"allow":["GET"]}}],"collection":[{"href":"https:\/\/sadecicek.com.tr\/index.php\/wp-json\/wp\/v2\/product"}],"about":[{"href":"https:\/\/sadecicek.com.tr\/index.php\/wp-json\/wp\/v2\/types\/product"}],"replies":[{"embeddable":true,"href":"https:\/\/sadecicek.com.tr\/index.php\/wp-json\/wp\/v2\/comments?post=62"}],"wp:featuredmedia":[{"embeddable":true,"href":"https:\/\/sadecicek.com.tr\/index.php\/wp-json\/wp\/v2\/media\/103"}],"wp:attachment":[{"href":"https:\/\/sadecicek.com.tr\/index.php\/wp-json\/wp\/v2\/media?parent=62"}],"wp:term":[{"taxonomy":"product_brand","embeddable":true,"href":"https:\/\/sadecicek.com.tr\/index.php\/wp-json\/wp\/v2\/product_brand?post=62"},{"taxonomy":"product_cat","embeddable":true,"href":"https:\/\/sadecicek.com.tr\/index.php\/wp-json\/wp\/v2\/product_cat?post=62"},{"taxonomy":"product_tag","embeddable":true,"href":"https:\/\/sadecicek.com.tr\/index.php\/wp-json\/wp\/v2\/product_tag?post=62"}],"curies":[{"name":"wp","href":"https:\/\/api.w.org\/{rel}","templated":true}]}}